s?
12
Let m(x) be the first derivative of -2*x**2 - 6*x - 3. Suppose 0 = -3*o + 4*o + 7. Let n be m(o). What is the greatest common factor of 33 and n?
11
Let x(i) = -2*i**2 + 4*i - 1. Let w be x(3). Let q(y) = -y + 1. Let d be q(w). Calculate the greatest common divisor of d and 24.
8
Let c = -11 + 10. Let d be -49*(c - 0/(-3)). Suppose 6*t - 28 = 2*t. What is the greatest common factor of t and d?
7
Suppose 6 = 4*h - 2*h. Suppose v - h*x - 2*x = 22, 0 = 2*v + x. Let m(g) = g**3 - g + 1. Let j be m(0). What is the greatest common factor of j and v?
1
Suppose -p - 144 = -13*p. Calculate the highest common divisor of 180 and p.
12
Let t(g) = g**3 - g**2 - g + 5. Let v be t(0). Suppose 4*p - 4*o = -5*o + 141, 0 = -5*p + o + 174. Calculate the highest common divisor of p and v.
5
Suppose -2*j = -3*j. Suppose j = 2*o - 4*o + 40. Let z be 3/(-1 + o/14). What is the highest common divisor of z and 7?
7
Let f(w) = -13*w - 6. Let z(k) = -39*k - 18. Let q(t) = 17*f(t) - 6*z(t). Let v be q(6). Calculate the greatest common factor of v and 12.
12
Let i = 33 + -12. Let z = 16 + -2. What is the greatest common factor of i and z?
7
Let t be ((-20)/8)/(1/(-2)). Suppose -3*a + 87 = -3*q, -q - q = -t*a + 130. Let f(z) = 3*z - 7. Let u be f(5). What is the greatest common factor of u and a?
8
Suppose -2*z + 14 = -2*k, z - 2*k - 5 = 5. Suppose 349 = z*n - r, 3*n + 2*r - 255 = 5*r. Calculate the greatest common factor of n and 11.
11
Suppose -5*q + 5 = -15. What is the greatest common factor of q and 36?
4
Let z = -14 + 56. Let d be 5/((-45)/(-52)) + 10/45. Calculate the greatest common divisor of d and z.
6
Let c = 10 - -78. Calculate the greatest common factor of 11 and c.
11
Suppose -2*z - z + 198 = 0. Suppose -t - t + 2*w - 2 = 0, 0 = -5*t - 5*w + 25. Suppose -46 = -4*h - t. Calculate the greatest common factor of z and h.
11
Let k(v) = -76*v - 3. Let c be k(-8). Suppose -6*y = -y - c. Let p be (3/2 + -1)*22. What is the greatest common factor of y and p?
11
Let x(v) = -2 + v + 3 + 19 - 3. Let u be x(-7). Calculate the greatest common divisor of 70 and u.
10
Let o(p) = p + 7. Let u be o(-6). What is the highest common divisor of u and 1?
1
Let f(i) = -3*i**2 + 3*i - 1. Let l be f(2). Let d be -6 + 4 + -1 - 8. Let c = l - d. Calculate the greatest common factor of c and 2.
2
Suppose 112*x - 555 = 107*x. What is the highest common divisor of x and 37?
37
Suppose 21*l + 3 = 24*l. What is the highest common factor of 12 and l?
1
Let b(l) = 5*l + 3*l - 5 + l**3 - 9*l. Let n be b(4). What is the greatest common divisor of n and 5?
5
Let s(u) = -1 - 10*u + 9 - 5. Let d be s(-1). Let i be 3/1*(-13)/(-1). What is the greatest common factor of d and i?
13
Let c(r) = -r - 4. Let a be c(-7). What is the highest common divisor of 2 and a?
1
Let p be 114 + (0/(-1) - -3). Suppose -d + p = 27. What is the highest common factor of d and 36?
18
Let d = -40 + 67. What is the highest common divisor of 216 and d?
27
Suppose -2*w + 37 = 2*t + t, -3*w + t + 61 = 0. Let f be ((-4)/(-5))/(2/w). Calculate the highest common divisor of 16 and f.
8
Let t be (1*21/(-3))/(-1). Let j(l) = 3*l - 3. Let x be j(t). What is the highest common factor of x and 6?
6
Let b be (-2)/4*10*-1. Let p(h) = -2*h**2 + 2*h - 6. Let k be p(5). Let d = -11 - k. Calculate the highest common divisor of d and b.
5
Let x(u) = u**2 + 2*u + 6. Let c be x(-4). What is the greatest common divisor of 126 and c?
14
Suppose -50*l + 40 = -46*l. Calculate the highest common factor of 70 and l.
10
Let v(l) = -5*l - 4 + 3*l - 4*l. Let y(s) = -2*s - 1. Let b(a) = -3*v(a) + 10*y(a). Let q be b(-6). What is the highest common divisor of q and 14?
14
Let x(f) = 4*f**2 + 9*f - 13. Let y be x(-6). What is the highest common factor of y and 11?
11
Let u be 16/(-12)*33/(-2). Let q be (u/(-10))/(1/(-5)). Calculate the greatest common divisor of 33 and q.
11
Let l(w) = -w - 4. Let b be l(-9). Suppose 4*a + 31 - 131 = 0. Suppose 3*h - a = 50. Calculate the greatest common divisor of h and b.
5
Let q = 57 - 1. What is the greatest common divisor of q and 84?
28
Suppose -4 + 24 = m. Suppose -w + l = -19 - 21, -3*w - 5*l = -120. What is the highest common factor of w and m?
20
Suppose 3*g = 5*g - 24. Suppose 3 - g = 3*l. Let b(a) = 12*a**2 - 5*a - 2. Let m be b(l). What is the greatest common factor of m and 11?
11
Let m be 2/9 + 6080/180. What is the greatest common divisor of 17 and m?
17
Let t = 7 - -11. Let o be (3 + (1 - 3))*9. Suppose -o*i + 45 = -4*i. What is the greatest common divisor of t and i?
9
Suppose -29 = -z - 8. Let k = 23 + z. Calculate the highest common divisor of k and 4.
4
Let j = 2 + -3. Let y be (-6)/(-4)*(j + 5). Calculate the highest common divisor of y and 66.
6
Let m = -6 - -11. Suppose -m*l - 26 = -1. Let q = l - -9. What is the greatest common divisor of q and 6?
2
Let g(v) = 5*v + 35. Let q be g(8). Let m = 31 - -29. Suppose -d - 3*d = -m. What is the greatest common divisor of q and d?
15
Suppose -19 - 16 = -g. Let m be (56/(-16))/(2/(-4)). What is the highest common divisor of g and m?
7
Let u(f) = -f. Let n be u(-4). Suppose i - 2*i + 5 = 0, i - 25 = -n*r. Suppose -r = -5*d + 10. What is the highest common divisor of 9 and d?
3
Suppose -2305 = -4*p - p. Let b = p - 306. Suppose -b = -5*l + 175. Calculate the highest common divisor of 6 and l.
6
Let o(y) = 13*y + 15. Let f be o(9). Calculate the highest common factor of 12 and f.
12
Suppose -15 = -5*i - 5*o - 0, 2*o - 2 = 0. Let q = 8 + -11. Let h be (-1)/(q/84*i). Calculate the greatest common divisor of 98 and h.
14
Let u(b) be the first derivative of b**2 + 2*b + 3. Let d be u(4). Calculate the greatest common divisor of d and 25.
5
Let f = 3 + 2. Suppose 5*c = -3*n + 14 + 58, n - 59 = -4*c. Calculate the highest common divisor of c and f.
5
Suppose -15 = -b + 6*b. Let f be 100/8 + b/(-2). Calculate the highest common divisor of 56 and f.
14
Suppose 4*g + 34 = -0*m + 2*m, 0 = 2*m - 5*g - 38. Let j = -3 + m. Suppose 5*t - 48 = 3*t. Calculate the greatest common divisor of t and j.
6
Let t be (-1 - (1 + -2))/1. Suppose t*z + z = 55. What is the greatest common factor of z and 11?
11
Suppose -4*s + 2*v + 34 + 64 = 0, 3*s + v - 66 = 0. What is the highest common factor of 207 and s?
23
Suppose -2*a - 2*j - 5 = -171, 4*j = 12. Suppose 0 = 4*g + g - 80. What is the highest common factor of g and a?
16
Let t = 9 - 7. Calculate the highest common divisor of t and 1.
1
Suppose 3*j - 5*x - 32 = -10*x, -4*j + 4 = -3*x. Let q be (-2 - 6)/((-1)/2). Calculate the greatest common divisor of j and q.
4
Suppose -3 = 2*g - 95. Let a = -48 + 24. Let j = g + a. What is the greatest common factor of 198 and j?
22
Let k = 198 + 176. Calculate the greatest common divisor of k and 34.
34
Let b = -15 - -11. Let a be b/1 + (4 - -23). Calculate the highest common divisor of 207 and a.
23
Suppose -129 - 53 = -7*w. What is the greatest common divisor of w and 39?
13
Let h be ((-15)/5)/(3/(-18)). What is the greatest common divisor of h and 126?
18
Let p = 138 + -89. Let g = -35 + 42. What is the highest common divisor of p and g?
7
Let x = 17 - 8. Suppose 2*y + y - x = 0. Suppose 0 = 2*z + 3*b - 22, -z - 5*b + y*b + 11 = 0. What is the greatest common divisor of z and 33?
11
Suppose 0 = 2*x - j - 6, -4*x - j + 10 = -4*j. Let p be 4/x*13*2. What is the greatest common divisor of 130 and p?
26
Suppose 2*c - 3 - 7 = 0. Suppose 0 = c*k - 5*v, -k - v + 10 + 0 = 0. Calculate the highest common factor of 50 and k.
5
Suppose -96 = -3*a + 7*h - 3*h, 3*a = -2*h + 114. Suppose 4*m + 4 = a. What is the highest common factor of m and 2?
2
Let v = 881 + -458. What is the greatest common divisor of v and 47?
47
Let i = 8 + -5. Suppose -4*o + 114 = -i*l, -o + 0*o + 26 = -2*l. Calculate the greatest common divisor of 60 and o.
30
Let v = 11 + -6. Suppose -572 = -4*i + 2*g, 2*i + v*g + 18 = 304. What is the highest common divisor of i and 13?
13
Let j be (2/3)/((-6)/(-117)). Let w = 175 - 84. What is the greatest common factor of j and w?
13
Let s be 16/(-24) - ((-435)/(-9))/(-5). Calculate the greatest common divisor of s and 6.
3
Let s = 44 - 34. Calculate the greatest common factor of s and 30.
10
Let z be 5/((-30)/(-69))*14. Calculate the greatest common divisor of z and 23.
23
Let q = 21